[INFO] cloning repository https://github.com/aoprisan/try-rust
[INFO] running `Command { std: "git" "-c" "credential.helper=" "-c" "credential.helper=/workspace/cargo-home/bin/git-credential-null" "clone" "--bare" "https://github.com/aoprisan/try-rust" "/workspace/cache/git-repos/https%3A%2F%2Fgithub.com%2Faoprisan%2Ftry-rust", kill_on_drop: false }`
[INFO] [stderr] Cloning into bare repository '/workspace/cache/git-repos/https%3A%2F%2Fgithub.com%2Faoprisan%2Ftry-rust'...
[INFO] running `Command { std: "git" "rev-parse" "HEAD", kill_on_drop: false }`
[INFO] [stdout] 7ec3cb4489a9ca7f8bd5f8e740747bdd09763d53
[INFO] checking aoprisan/try-rust against master#af3c6e733a40e671550e0f0f5aeecaa13772ba56 for pr-74989
[INFO] running `Command { std: "git" "clone" "/workspace/cache/git-repos/https%3A%2F%2Fgithub.com%2Faoprisan%2Ftry-rust" "/workspace/builds/worker-2/source", kill_on_drop: false }`
[INFO] [stderr] Cloning into '/workspace/builds/worker-2/source'...
[INFO] [stderr] done.
[INFO] validating manifest of git repo https://github.com/aoprisan/try-rust on toolchain af3c6e733a40e671550e0f0f5aeecaa13772ba56
[INFO] running `Command { std: "/workspace/cargo-home/bin/cargo" "+af3c6e733a40e671550e0f0f5aeecaa13772ba56" "read-manifest" "--manifest-path" "Cargo.toml", kill_on_drop: false }`
[INFO] started tweaking git repo https://github.com/aoprisan/try-rust
[INFO] finished tweaking git repo https://github.com/aoprisan/try-rust
[INFO] tweaked toml for git repo https://github.com/aoprisan/try-rust written to /workspace/builds/worker-2/source/Cargo.toml
[INFO] crate git repo https://github.com/aoprisan/try-rust already has a lockfile, it will not be regenerated
[INFO] running `Command { std: "/workspace/cargo-home/bin/cargo" "+af3c6e733a40e671550e0f0f5aeecaa13772ba56" "fetch" "--locked" "--manifest-path" "Cargo.toml", kill_on_drop: false }`
[INFO] [stderr] error: the lock file /workspace/builds/worker-2/source/Cargo.lock needs to be updated but --locked was passed to prevent this
[INFO] [stderr] If you want to try to generate the lock file without accessing the network, use the --offline flag.
[INFO] the lockfile is outdated, regenerating it
[INFO] running `Command { std: "/workspace/cargo-home/bin/cargo" "+af3c6e733a40e671550e0f0f5aeecaa13772ba56" "generate-lockfile" "--manifest-path" "Cargo.toml" "-Zno-index-update", kill_on_drop: false }`
[INFO] [stderr]     Updating git repository `https://github.com/rustless/rustless`
[INFO] running `Command { std: "/workspace/cargo-home/bin/cargo" "+af3c6e733a40e671550e0f0f5aeecaa13772ba56" "fetch" "--locked" "--manifest-path" "Cargo.toml", kill_on_drop: false }`
[INFO] running `Command { std: "docker" "create" "-v" "/var/lib/crater-agent-workspace/builds/worker-2/target:/opt/rustwide/target:rw,Z" "-v" "/var/lib/crater-agent-workspace/builds/worker-2/source:/opt/rustwide/workdir:ro,Z" "-v" "/var/lib/crater-agent-workspace/cargo-home:/opt/rustwide/cargo-home:ro,Z" "-v" "/var/lib/crater-agent-workspace/rustup-home:/opt/rustwide/rustup-home:ro,Z" "-e" "SOURCE_DIR=/opt/rustwide/workdir" "-e" "CARGO_TARGET_DIR=/opt/rustwide/target" "-e" "CARGO_HOME=/opt/rustwide/cargo-home" "-e" "RUSTUP_HOME=/opt/rustwide/rustup-home" "-w" "/opt/rustwide/workdir" "-m" "1610612736" "--user" "0:0" "--network" "none" "rustops/crates-build-env@sha256:d92eaeed33fa75130ca1ee6c8a01d1ffb62bac859dfdfb3450e3e5d1c0146529" "/opt/rustwide/cargo-home/bin/cargo" "+af3c6e733a40e671550e0f0f5aeecaa13772ba56" "metadata" "--no-deps" "--format-version=1", kill_on_drop: false }`
[INFO] [stderr] WARNING: Your kernel does not support swap limit capabilities or the cgroup is not mounted. Memory limited without swap.
[INFO] [stdout] 66bb7ab0e255d561fcf08b3ef063bcd3235ecd9049174a737d4fc5dff26dd606
[INFO] running `Command { std: "docker" "start" "-a" "66bb7ab0e255d561fcf08b3ef063bcd3235ecd9049174a737d4fc5dff26dd606", kill_on_drop: false }`
[INFO] running `Command { std: "docker" "inspect" "66bb7ab0e255d561fcf08b3ef063bcd3235ecd9049174a737d4fc5dff26dd606", kill_on_drop: false }`
[INFO] running `Command { std: "docker" "rm" "-f" "66bb7ab0e255d561fcf08b3ef063bcd3235ecd9049174a737d4fc5dff26dd606", kill_on_drop: false }`
[INFO] [stdout] 66bb7ab0e255d561fcf08b3ef063bcd3235ecd9049174a737d4fc5dff26dd606
[INFO] running `Command { std: "docker" "create" "-v" "/var/lib/crater-agent-workspace/builds/worker-2/target:/opt/rustwide/target:rw,Z" "-v" "/var/lib/crater-agent-workspace/builds/worker-2/source:/opt/rustwide/workdir:ro,Z" "-v" "/var/lib/crater-agent-workspace/cargo-home:/opt/rustwide/cargo-home:ro,Z" "-v" "/var/lib/crater-agent-workspace/rustup-home:/opt/rustwide/rustup-home:ro,Z" "-e" "SOURCE_DIR=/opt/rustwide/workdir" "-e" "CARGO_TARGET_DIR=/opt/rustwide/target" "-e" "CARGO_INCREMENTAL=0" "-e" "RUST_BACKTRACE=full" "-e" "RUSTFLAGS=--cap-lints=forbid" "-e" "CARGO_HOME=/opt/rustwide/cargo-home" "-e" "RUSTUP_HOME=/opt/rustwide/rustup-home" "-w" "/opt/rustwide/workdir" "-m" "1610612736" "--user" "0:0" "--network" "none" "rustops/crates-build-env@sha256:d92eaeed33fa75130ca1ee6c8a01d1ffb62bac859dfdfb3450e3e5d1c0146529" "/opt/rustwide/cargo-home/bin/cargo" "+af3c6e733a40e671550e0f0f5aeecaa13772ba56" "check" "--frozen" "--all" "--all-targets" "--message-format=json", kill_on_drop: false }`
[INFO] [stderr] WARNING: Your kernel does not support swap limit capabilities or the cgroup is not mounted. Memory limited without swap.
[INFO] [stdout] 7386edcf1d7e0186cb8ec710a06838122b64e10b0b04f059e893331236be9633
[INFO] running `Command { std: "docker" "start" "-a" "7386edcf1d7e0186cb8ec710a06838122b64e10b0b04f059e893331236be9633", kill_on_drop: false }`
[INFO] [stderr]    Compiling version_check v0.1.5
[INFO] [stderr]     Checking cfg-if v0.1.10
[INFO] [stderr]    Compiling rand_core v0.4.2
[INFO] [stderr]    Compiling autocfg v0.1.7
[INFO] [stderr]    Compiling autocfg v1.0.1
[INFO] [stderr]     Checking matches v0.1.8
[INFO] [stderr]    Compiling siphasher v0.2.3
[INFO] [stderr]     Checking percent-encoding v1.0.1
[INFO] [stderr]     Checking traitobject v0.1.0
[INFO] [stderr]    Compiling httparse v1.3.4
[INFO] [stderr]     Checking typeable v0.1.2
[INFO] [stderr]    Compiling proc-macro2 v1.0.21
[INFO] [stderr]    Compiling winapi-build v0.1.1
[INFO] [stderr]     Checking language-tags v0.2.2
[INFO] [stderr]    Compiling unicode-xid v0.2.1
[INFO] [stderr]    Compiling syn v1.0.40
[INFO] [stderr]     Checking winapi v0.2.8
[INFO] [stderr]    Compiling memchr v2.3.3
[INFO] [stderr]     Checking dtoa v0.2.2
[INFO] [stderr]     Checking bytes v0.5.6
[INFO] [stderr]     Checking rustc-serialize v0.3.24
[INFO] [stderr]    Compiling pin-project-internal v0.4.23
[INFO] [stderr]     Checking fnv v1.0.7
[INFO] [stderr]     Checking serde v0.8.23
[INFO] [stderr]     Checking itoa v0.1.1
[INFO] [stderr]     Checking lazy_static v1.4.0
[INFO] [stderr]     Checking traitobject v0.0.1
[INFO] [stderr]     Checking slab v0.4.2
[INFO] [stderr]     Checking regex-syntax v0.3.9
[INFO] [stderr]     Checking lazy_static v0.1.16
[INFO] [stderr]     Checking pin-project-lite v0.1.7
[INFO] [stderr]     Checking utf8-ranges v0.1.3
[INFO] [stderr]     Checking itoa v0.4.6
[INFO] [stderr]     Checking futures-sink v0.3.5
[INFO] [stderr]     Checking hashbrown v0.9.0
[INFO] [stderr]     Checking pin-utils v0.1.0
[INFO] [stderr]     Checking futures-task v0.3.5
[INFO] [stderr]     Checking traitobject v0.0.3
[INFO] [stderr]     Checking try-lock v0.2.3
[INFO] [stderr]     Checking tower-service v0.3.0
[INFO] [stderr]     Checking route-recognizer v0.1.13
[INFO] [stderr]     Checking unicode-bidi v0.3.4
[INFO] [stderr]     Checking unsafe-any v0.4.2
[INFO] [stderr]     Checking error v0.1.9
[INFO] [stderr]    Compiling rand_core v0.3.1
[INFO] [stderr]    Compiling rand_jitter v0.1.4
[INFO] [stderr]    Compiling kernel32-sys v0.2.2
[INFO] [stderr]     Checking tracing-core v0.1.16
[INFO] [stderr]    Compiling unicase v1.4.2
[INFO] [stderr]    Compiling libc v0.2.77
[INFO] [stderr]     Checking log v0.4.11
[INFO] [stderr]     Checking http v0.2.1
[INFO] [stderr]     Checking typemap v0.3.3
[INFO] [stderr]    Compiling rand_hc v0.1.0
[INFO] [stderr]    Compiling rand_xorshift v0.1.1
[INFO] [stderr]    Compiling rand_isaac v0.1.1
[INFO] [stderr]     Checking net2 v0.2.35
[INFO] [stderr]     Checking iovec v0.1.4
[INFO] [stderr]     Checking memchr v0.1.11
[INFO] [stderr]     Checking num_cpus v0.2.13
[INFO] [stderr]     Checking rand v0.4.6
[INFO] [stderr]     Checking socket2 v0.3.15
[INFO] [stderr]    Compiling rand_pcg v0.1.2
[INFO] [stderr]    Compiling rand_chacha v0.1.1
[INFO] [stderr]    Compiling rand v0.6.5
[INFO] [stderr]    Compiling num-traits v0.2.12
[INFO] [stderr]    Compiling indexmap v1.6.0
[INFO] [stderr]     Checking idna v0.1.5
[INFO] [stderr]     Checking log v0.3.9
[INFO] [stderr]     Checking want v0.3.0
[INFO] [stderr]     Checking plugin v0.2.6
[INFO] [stderr]     Checking aho-corasick v0.5.3
[INFO] [stderr]     Checking tracing v0.1.19
[INFO] [stderr]     Checking mio v0.6.22
[INFO] [stderr]     Checking mime v0.2.6
[INFO] [stderr]     Checking hpack v0.2.0
[INFO] [stderr]    Compiling rand_os v0.1.3
[INFO] [stderr]     Checking thread-id v2.0.0
[INFO] [stderr]    Compiling quote v1.0.7
[INFO] [stderr]    Compiling phf_shared v0.7.24
[INFO] [stderr]     Checking thread_local v0.2.7
[INFO] [stderr]     Checking solicit v0.4.4
[INFO] [stderr]     Checking rand v0.3.23
[INFO] [stderr]    Compiling phf v0.7.24
[INFO] [stderr]     Checking url v1.7.2
[INFO] [stderr]     Checking uuid v0.3.1
[INFO] [stderr]     Checking regex v0.1.80
[INFO] [stderr]     Checking tokio v0.2.22
[INFO] [stderr]     Checking conduit-mime-types v0.7.3
[INFO] [stderr]     Checking cookie v0.2.5
[INFO] [stderr]     Checking hyper v0.10.16
[INFO] [stderr]     Checking cookie v0.3.1
[INFO] [stderr]     Checking num-traits v0.1.43
[INFO] [stderr]     Checking serde_json v0.8.6
[INFO] [stderr]     Checking hyper v0.9.18
[INFO] [stderr]     Checking http-body v0.3.1
[INFO] [stderr]    Compiling phf_generator v0.7.24
[INFO] [stderr]     Checking jsonway v1.0.1
[INFO] [stderr]     Checking queryst v1.0.1
[INFO] [stderr]    Compiling phf_codegen v0.7.24
[INFO] [stderr]    Compiling mime_guess v1.8.8
[INFO] [stderr]    Compiling valico v1.0.1
[INFO] [stderr]     Checking iron v0.4.0
[INFO] [stderr]     Checking iron v0.6.1
[INFO] [stderr]     Checking tokio-util v0.3.1
[INFO] [stderr]     Checking persistent v0.2.1
[INFO] [stderr]     Checking bodyparser v0.4.1
[INFO] [stderr]     Checking router v0.6.0
[INFO] [stderr]     Checking rustless v0.10.0 (https://github.com/rustless/rustless#31bdadd1)
[INFO] [stderr]     Checking pin-project v0.4.23
[INFO] [stderr]     Checking futures-util v0.3.5
[INFO] [stderr]     Checking h2 v0.2.6
[INFO] [stderr]     Checking hyper v0.13.7
[INFO] [stderr]     Checking try-rust v0.1.0 (/opt/rustwide/workdir)
[INFO] [stdout] error[E0061]: this function takes 3 arguments but 2 arguments were supplied
[INFO] [stdout]   --> src/main.rs:48:12
[INFO] [stdout]    |
[INFO] [stdout] 48 |     router.get("/:taskId", move |r: &mut Request| task_status(r, &status.lock().unwrap()));
[INFO] [stdout]    |            ^^^ ----------  -------------------------------------------------------------- supplied 2 arguments
[INFO] [stdout]    |            |
[INFO] [stdout]    |            expected 3 arguments
[INFO] [stdout] 
[INFO] [stdout] 
[INFO] [stdout] error[E0061]: this function takes 3 arguments but 2 arguments were supplied
[INFO] [stdout]   --> src/main.rs:49:12
[INFO] [stdout]    |
[INFO] [stdout] 49 |       router.post("/start", move |r: &mut Request|
[INFO] [stdout]    |  ____________^^^^_--------__-
[INFO] [stdout]    | |            |
[INFO] [stdout]    | |            expected 3 arguments
[INFO] [stdout] 50 | |         start_task(r, status_clone.clone()));
[INFO] [stdout]    | |___________________________________________- supplied 2 arguments
[INFO] [stdout] 
[INFO] [stdout] 
[INFO] [stdout] error: aborting due to 2 previous errors
[INFO] [stdout] 
[INFO] [stdout] 
[INFO] [stdout] For more information about this error, try `rustc --explain E0061`.
[INFO] [stdout] 
[INFO] [stderr] error: could not compile `try-rust`.
[INFO] [stdout] error[E0061]: this function takes 3 arguments but 2 arguments were supplied
[INFO] [stdout]   --> src/main.rs:48:12
[INFO] [stdout]    |
[INFO] [stdout] 48 |     router.get("/:taskId", move |r: &mut Request| task_status(r, &status.lock().unwrap()));
[INFO] [stdout]    |            ^^^ ----------  -------------------------------------------------------------- supplied 2 arguments
[INFO] [stdout]    |            |
[INFO] [stdout]    |            expected 3 arguments
[INFO] [stdout] 
[INFO] [stdout] 
[INFO] [stderr] 
[INFO] [stdout] error[E0061]: this function takes 3 arguments but 2 arguments were supplied
[INFO] [stdout]   --> src/main.rs:49:12
[INFO] [stdout]    |
[INFO] [stdout] 49 |       router.post("/start", move |r: &mut Request|
[INFO] [stdout]    |  ____________^^^^_--------__-
[INFO] [stdout]    | |            |
[INFO] [stdout]    | |            expected 3 arguments
[INFO] [stdout] 50 | |         start_task(r, status_clone.clone()));
[INFO] [stdout]    | |___________________________________________- supplied 2 arguments
[INFO] [stdout] 
[INFO] [stdout] 
[INFO] [stderr] To learn more, run the command again with --verbose.
[INFO] [stderr] warning: build failed, waiting for other jobs to finish...
[INFO] [stdout] error: aborting due to 2 previous errors
[INFO] [stdout] 
[INFO] [stdout] 
[INFO] [stdout] For more information about this error, try `rustc --explain E0061`.
[INFO] [stdout] 
[INFO] [stderr] error: build failed
[INFO] running `Command { std: "docker" "inspect" "7386edcf1d7e0186cb8ec710a06838122b64e10b0b04f059e893331236be9633", kill_on_drop: false }`
[INFO] running `Command { std: "docker" "rm" "-f" "7386edcf1d7e0186cb8ec710a06838122b64e10b0b04f059e893331236be9633", kill_on_drop: false }`
[INFO] [stdout] 7386edcf1d7e0186cb8ec710a06838122b64e10b0b04f059e893331236be9633
